ase 12?
-2
-55 (base 10) to base 16
-37
-7 (base 16) to base 2
-111
Convert -2 (base 9) to base 15.
-2
What is ac (base 13) in base 2?
10001110
333 (base 7) to base 12
123
What is -1 (base 15) in base 5?
-1
What is 220 (base 4) in base 15?
2a
10 (base 3) to base 10
3
Convert -2 (base 6) to base 7.
-2
-8 (base 16) to base 14
-8
-2 (base 7) to base 15
-2
10 (base 5) to base 9
5
What is 0 (base 9) in base 5?
0
-32 (base 14) to base 7
-62
Convert 47 (base 13) to base 12.
4b
What is 186 (base 13) in base 11?
234
224 (base 11) to base 9
327
What is 1 (base 11) in base 15?
1
Convert -3 (base 6) to base 3.
-10
-32 (base 12) to base 5
-123
What is 1b (base 16) in base 15?
1c
Convert 4 (base 14) to base 3.
11
Convert -1 (base 4) to base 5.
-1
0 (base 16) to base 12
0
Convert -1b (base 16) to base 10.
-27
Convert 0 (base 8) to base 15.
0
Convert 34 (base 7) to base 2.
11001
Convert 187 (base 9) to base 6.
424
Convert 1000 (base 2) to base 6.
12
8 (base 14) to base 15
8
3 (base 6) to base 4
3
What is -203 (base 8) in base 6?
-335
What is -16 (base 9) in base 3?
-120
What is -127 (base 8) in base 16?
-57
What is 35 (base 9) in base 3?
1012
Convert 10110010 (base 2) to base 16.
b2
What is 10 (base 6) in base 12?
6
10001 (base 2) to base 16
11
-68 (base 14) to base 16
-5c
What is -11 (base 12) in base 4?
-31
-2 (base 10) to base 8
-2
Convert 43 (base 9) to base 13.
30
What is -5 (base 14) in base 3?
-12
What is 154 (base 9) in base 10?
130
Convert 25 (base 7) to base 10.
19
2b (base 12) to base 16
23
Convert -17 (base 16) to base 11.
-21
What is 31 (base 4) in base 2?
1101
What is 6e (base 15) in base 3?
10212
-330 (base 4) to base 3
-2020
Convert -12121 (base 3) to base 9.
-177
Convert 25 (base 15) to base 7.
50
What is 4a (base 16) in base 3?
2202
0 (base 8) to base 7
0
Convert -213 (base 6) to base 7.
-144
-5 (base 11) to base 5
-10
Convert 13 (base 7) to base 6.
14
Convert 1 (base 16) to base 8.
1
-18 (base 11) to base 12
-17
Convert -2 (base 10) to base 11.
-2
-120 (base 7) to base 4
-333
11101010 (base 2) to base 4
3222
Convert 11001 (base 3) to base 7.
214
4 (base 5) to base 12
4
-a (base 12) to base 14
-a
3 (base 12) to base 2
11
Convert -1110 (base 3) to base 6.
-103
Convert 2 (base 3) to base 6.
2
-13 (base 5) to base 14
-8
Convert 111100 (base 2) to base 5.
220
What is -4 (base 6) in base 10?
-4
-8a (base 11) to base 6
-242
What is -c (base 13) in base 15?
-c
-11001111 (base 2) to base 3
-21200
Convert -425 (base 7) to base 2.
-11010111
2 (base 15) to base 14
2
What is 4 (base 11) in base 8?
4
212 (base 10) to base 7
422
What is -2 (base 11) in base 16?
-2
Convert 3 (base 14) to base 12.
3
Convert 323 (base 11) to base 16.
184
What is 3 (base 10) in base 5?
3
What is -563 (base 7) in base 10?
-290
What is 240 (base 5) in base 13?
55
a (base 12) to base 15
a
What is 11 (base 2) in base 8?
3
What is -11 (base 14) in base 3?
-120
What is 1 (base 16) in base 4?
1
Convert 1 (base 12) to base 9.
1
What is 100 (base 2) in base 4?
10
Convert -11 (base 4) to base 2.
-101
38 (base 10) to base 9
42
What is 57 (base 15) in base 4?
1102
Convert 22 (base 6) to base 13.
11
What is 1 (base 12) in base 10?
1
Convert 220 (base 6) to base 3.
10010
Convert -22 (base 8) to base 5.
-33
What is 2 (base 16) in base 6?
2
2 (base 15) to base 13
2
Convert -12 (base 5) to base 12.
-7
Convert 4 (base 6) to base 7.
4
Convert 267 (base 9) to base 2.
11011111
c5 (base 15) to base 14
d3
What is -102 (base 15) in base 3?
-22102
Convert 15 (base 10) to base 4.
33
92 (base 14) to base 5
1003
Convert -51 (base 10) to base 8.
-63
Convert 2 (base 9) to base 15.
2
What is -75 (base 10) in base 7?
-135
What is -2 (base 13) in base 10?
-2
244 (base 7) to base 9
154
What is -11101101 (base 2) in base 15?
-10c
What is -15 (base 10) in base 2?
-1111
Convert -2 (base 6) to base 15.
-2
What is 245 (base 8) in base 6?
433
70 (base 8) to base 15
3b
-27 (base 13) to base 2
-100001
What is -6 (base 10) in base 16?
-6
What is 101 (base 2) in base 12?
5
-52 (base 8) to base 16
-2a
-3 (base 10) to base 3
-10
Convert -5 (base 12) to base 15.
-5
What is -1201 (base 3) in base 16?
-2e
Convert a (base 14) to base 2.
1010
What is -4 (base 8) in base 15?
-4
-23 (base 5) to base 4
-31
Convert -10010011 (base 2) to base 11.
-124
-112 (base 4) to base 3
-211
Convert 5 (base 7) to base 4.
11
Convert -9 (base 14) to base 15.
-9
What is -2 (base 3) in base 10?
-2
-212 (base 5) to base 8
-71
What is 3 (base 4) in base 13?
3
What is 4 (base 6) in base 16?
4
34 (base 8) to base 15
1d
-553 (base 8) to base 9
-443
What is -1 (base 3) in base 13?
-1
Convert 1 (base 15) to base 5.
1
Convert 2 (base 14) to base 12.
2
What is 100 (base 3) in base 13?
9
What is -1 (base 15) in base 5?
-1
What is -5 (base 7) in base 3?
-12
Convert 60 (base 7) to base 6.
110
-1030 (base 4) to base 2
-1001100
-2000 (base 3) to base 14
-3c
-113 (base 4) to base 3
-212
Convert -3 (base 9) to base 10.
-3
Convert -10 (base 10) to base 6.
-14
Convert 11 (base 14) to base 15.
10
Convert -232 (base 6) to base 2.
-1011100
What is -3 (base 5) in base 14?
-3
Convert 5 (base 8) to base 9.
5
3 (base 8) to base 12
3
What is -10 (base 2) in base 10?
-2
Convert 100 (base 2) to base 8.
4
24 (base 13) to base 4
132
-174 (base 12) to base 16
-e8
What is 64 (base 16) in base 6?
244
What is -6 (base 7) in base 6?
-10
What is 1 (base 5) in base 16?
1
What is 4 (base 12) in base 15?
4
What is -2201 (base 3) in base 11?
-67
Convert 50 (base 6) to base 2.
11110
Convert -10 (base 3) to base 13.
-3
What is 0 (base 14) in base 11?
0
75 (base 10) to base 16
4b
Convert -2 (base 14) to base 10.
-2
-12 (base 3) to base 11
-5
What is 4 (base 10) in base 3?
11
12 (base 6) to base 5
13
-16 (base 10) to base 8
-20
Convert 4 (base 9) to base 4.
10
-4 (base 9) to base 6
-4
What is -12 (base 8) in base 6?
-14
-174 (base 9) to base 2
-10010100
Convert -3b (base 12) to base 10.
-47
3034 (base 5) to base 13
244
-1011100 (base 2) to base 14
-68
Convert 110 (base 3) to base 5.
22
Convert -1 (base 15) to base 7.
-1
Convert -255 (base 9) to base 5.
-1322
Convert -9 (base 14) to base 4.
-21
What is -23 (base 7) in base 3?
-122
What is 2001 (base 3) in base 2?
110111
Convert 19 (base 16) to base 6.
41
-b (base 16) to base 10
-11
Convert -10111 (base 2) to base 13.
-1a
11 (base 3) to base 9
4
Convert 44 (base 11) to base 13.
39
What is -4 (base 9) in base 16?
-4
Convert -163 (base 8) to base 11.
-a5
-2d (base 14) to base 15
-2b
Convert -28 (base 13) to base 3.
-1021
Convert 1a8 (base 13) to base 12.
217
-34 (base 6) to base 14
-18
Convert 10 (base 9) to base 11.
9
-3 (base 16) to base 7
-3
What is -1 (base 8) in base 12?
-1
Convert -3 (base 5) to base 11.
-3
What is -1 (base 16) in base 14?
-1
-131 (base 6) to base 11
-50
What is 1 (base 8) in base 2?
1
What is -25 (base 9) in base 6?
-35
What is 2 (base 6) in base 9?
2
1 (base 3) to base 15
1
20 (base 4) to base 7
11
What is -21 (base 13) in base 11?
-25
13 (base 4) to base 14
7
-1350 (base 6) to base 8
-542
Convert 10100111 (base 2) to base 7.
326
What is 2 (base 8) in base 11?
2
What is -37 (base 9) in base 6?
-54
What is -3e (base 15) in base 7?
-113
Convert -137 (base 8) to base 14.
-6b
-4 (base 12) to base 4
-10
Convert 48 (base 11) to base 15.
37
What is c7 (base 15) in base 10?
187
What is 243 (base 5) in base 8?
111
-60 (base 11) to base 3
-2110
Convert -3 (base 9) to base 3.
-10
What is -7 (base 13) in base 12?
-7
What is -be (base 15) in base 4?
-2303
What is -13 (base 15) in base 2?
-10010
Convert -174 (base 14) to base 11.
-251
15 (base 9) to base 12
12
-85 (base 10) to base 13
-67
Convert -12 (base 7) to base 6.
-13
Convert 7 (base 10) to base 3.
21
What is -1 (base 9) in base 13?
-1
Convert 4 (base 14) to base 5.
4
c (base 16) to base 11
11
Convert -78 (base 11) to base 10.
-85
What is -4 (base 14) in base 11?
-4
Convert 13 (base 11) to base 6.
22
-111 (base 2) to base 12
-7
Convert 2102 (base 3) to base 15.
45
Convert 10 (base 10) to base 11.
a
-13 (base 12) to base 16
-f
Convert 2202 (base 3) to base 6.
202
What is -1010 (base 2) in base 11?
-a
110 (base 2) to base 6
10
Convert 1b (base 12) to base 10.
23
-2 (base 11) to base 15
-2
What is -1 (base 16) in base 15?
-1
What is -10b (base 12) in base 2?
-10011011
331 (b